 7*x + 4. Let u be q(4). Let v = u + z. What is the units digit of v?
9
Suppose 0 = -3*v + 9. What is the units digit of v?
3
Suppose -4*p + 167 = 2*m - 95, 3*m - 2*p - 433 = 0. What is the hundreds digit of m?
1
Suppose 2*r = 3*r - 67. Suppose 4*w - 54 = h, 5*w + 2*h = 3*h + r. What is the tens digit of w?
1
Let c = 253 - 117. What is the tens digit of c?
3
Let k = 28 - 17. What is the tens digit of k?
1
What is the hundreds digit of 4 + 9/((-9)/(-154))?
1
Let x(l) = -l**3 + 6*l**2 + 9*l + 6. What is the tens digit of x(5)?
7
Suppose q + 2 = -2*u + 67, 2*q = -5*u + 135. What is the units digit of q?
5
Let p(z) = 62*z - 7. What is the hundreds digit of p(3)?
1
Let w(p) = -31*p**3 + p**2 - p + 3. What is the tens digit of w(-2)?
5
Let j = 26 + -20. What is the units digit of j?
6
Let l = -4 - -6. Suppose 23 = 3*d + l*t, -3*t = d - 0*d - 17. What is the units digit of d?
5
Let w(p) = -p**3 - 7*p**2 + 6. What is the units digit of w(-7)?
6
Suppose -4*t - j - 2 = -2*j, -4*t + 6 = 3*j. Suppose 0 = x - 5*o + 14, t*x - 5*o = x - 6. Let p(q) = -q**3 - 3*q**2 + 3*q. What is the units digit of p(x)?
4
Let n(u) be the third derivative of u**6/120 + 7*u**5/30 + 13*u**4/24 + 5*u**3/6 - 3*u**2. What is the units digit of n(-13)?
5
Suppose -2*c - 2*c = -80. Suppose r - 6*r + c = 0. What is the units digit of r?
4
Suppose -4*d + i - 4 = -17, 12 = 5*d + 3*i. What is the units digit of (-3)/(-1*d) + 7?
8
Let w(b) = b**2 + 2*b + 1. Let s be w(-2). What is the tens digit of (s*2)/(3/30)?
2
Suppose 0 = 3*x - 41 - 1. Suppose -p = 2*p + q - 13, 2*p - 2*q - x = 0. What is the units digit of p?
5
Let k(o) = o**3 - 4*o**2 + o - 16. What is the units digit of k(5)?
4
Suppose l + 2*z = -2*l + 14, 15 = 4*l - z. Suppose -3*y = l*b - 73, -3*y + y = 3*b - 54. What is the units digit of b?
6
Let q be (-9)/(-6)*(-8)/(-6). Let v(x) = -x**2 - 5*x - 4. Let l be v(-4). Suppose 2 = 4*d - q*s - l, -s = -d. What is the units digit of d?
1
Suppose 7*k - 3*k = 0. Let o be (-2)/(-2) - (-33 + k). Suppose 4*d - 5*a + 1 - 4 = 0, 2*d + 4*a = o. What is the units digit of d?
7
Suppose w - 12 = 5. Suppose 18 + w = 5*u. Suppose u = p - i, -4*p + 5*p = 3*i + 11. What is the units digit of p?
5
Suppose 0*p - 5*p = -1060. What is the hundreds digit of p?
2
Suppose -52 + 360 = 4*p + 4*r, -2*p - 4*r + 150 = 0. What is the tens digit of p?
7
Let s be ((-2)/(-1)*3)/2. Suppose 4*n - 4*f - 4 = 0, f + 0*f - s = -n. What is the units digit of n*(-1 + 6/4)?
1
Let f(d) = -d**3 + d**2 + 1. Let t(s) = -7*s**3 + 17*s**2 + 15*s - 10. Let k(j) = -6*f(j) + t(j). What is the units digit of k(12)?
0
Suppose 0*m - 4*m = -20. Suppose -6*w + 1 = -m*w. What is the units digit of w?
1
Let g be 29/9 - 22/99. Suppose -7 = g*k - 61. What is the tens digit of k?
1
What is the units digit of (-3*(-4)/6)/((-10)/(-755))?
1
Suppose 0*q = -5*q - 45. Let m = q - -28. What is the tens digit of m?
1
Suppose 0 = 8*l - 1184 + 232. What is the tens digit of l?
1
Suppose 5*u - 249 = 151. What is the units digit of u?
0
Let t = 17 + -2. What is the tens digit of t?
1
Suppose -x + 0 = 2, -x = -5*i + 22. Suppose -128 = 3*g - i*g. What is the units digit of g/20 + (-4)/10?
6
Let w(g) = -g**2 - g + 1. Let r(v) = -v**3 + 2*v**2 + 8*v + 2. Let h(x) = -r(x) + 4*w(x). Let j be h(8). Let d = -24 + j. What is the tens digit of d?
1
Let c(h) be the third derivative of h**6/120 + h**5/5 - 5*h**4/24 - 13*h**3/6 + 8*h**2. What is the tens digit of c(-12)?
4
Suppose 0 = -3*v - 16 - 38. What is the units digit of (60/v)/((-2)/6)?
0
Let k(n) = -2*n - 6. Let i be k(-4). Suppose y - i*y = 43. What is the tens digit of (-3)/9 + y/(-3)?
1
Suppose 0*t = 2*t + 2*i + 158, 2*t = 5*i - 179. Let f = t - -118. Suppose f = 3*d + d. What is the units digit of d?
9
Suppose 0 = 4*r - 8, 3*y - 5*r = -3*r - 1. Let a(l) = l**2 + 2*l - 1. What is the units digit of a(y)?
2
Suppose -i - 5 = -2. What is the units digit of 20*(i/(-3) + 1)?
0
Let b(l) = -3 - 11 + 7 - 3*l. What is the units digit of b(-5)?
8
Let s(k) = -23*k - 2. Let n be 1 + -3 + 0/1. What is the units digit of s(n)?
4
Let j(g) = 16*g - 4. What is the tens digit of j(12)?
8
Suppose 4*x - 5*u - 544 = 0, 3*u = -4*x + 477 + 67. What is the hundreds digit of x?
1
Suppose -20 = -2*k + 20. Let n = -2 + k. Let r = n - 4. What is the units digit of r?
4
Let m be (-31)/(-2)*14/7. Suppose -m = -5*g + 49. What is the units digit of g?
6
Suppose -14 = -5*j + 1. What is the tens digit of 3*(0 + 11/j)?
1
What is the tens digit of 3/5 + 5*(-2004)/(-50)?
0
Let x = -3 - -1. Let h = x - -4. Let v = 3 - h. What is the units digit of v?
1
Let d(h) = h**3 + 3*h - 8 + h - 7*h**2 - h. What is the tens digit of d(7)?
1
Let w(v) be the first derivative of 3*v**2/2 - 4*v - 4. What is the tens digit of w(12)?
3
Let k(q) = -6*q + 2. Let v be k(4). Let x = v + 7. What is the tens digit of -1 + 0 - (x - 2)?
1
Let b be 1/(-1)*1 + -2. What is the units digit of (b/(-9))/(2/78)?
3
Suppose 8 = 4*w, -o + 2*w = o + 14. Let f(l) = -15*l - 7. Let q be f(o). Suppose -d + 6 = 2*m, 5*d = 2*d + 4*m + q. What is the units digit of d?
6
Let w = -2 - -7. Suppose 0 = 5*t + s - 32, 2 = -t - 3*s - 0. Suppose 0 = -q + t + w. What is the tens digit of q?
1
Let u = -59 + 153. What is the tens digit of u?
9
Suppose -o = -2 - 2. Let i(d) = -d**2 + 11*d - 7. What is the units digit of i(o)?
1
Suppose 0 = -3*p - 4*l + 960, 0 = -4*p - 3*l + 6*l + 1255. What is the tens digit of p?
1
Let k be 24*(-6)/(-4)*1. What is the units digit of k - -1 - (5 + -6)?
8
Let t(z) = -16*z. Let o = 3 - 4. Let b be t(o). Let m = b - 3. What is the tens digit of m?
1
Let w(b) be the first derivative of -2*b**2 - 2 - 1/3*b**3 + 4*b. What is the units digit of w(-3)?
7
Let n(c) = 3*c - 22. What is the tens digit of n(14)?
2
Suppose m - 5*m + 124 = 0. What is the tens digit of m?
3
Let v = -3 + 7. Let n = v - -6. What is the tens digit of n?
1
Suppose -5*s = -2*v + 98, 0 = -3*v + 3*s + 2*s + 137. What is the tens digit of v?
3
Suppose 8 = -5*z + 43. Let f = 1 - 1. Let h = z + f. What is the units digit of h?
7
Let r(m) = 2*m + 10*m**2 + m**3 - 3*m + 6 + 0 - m. What is the tens digit of r(-10)?
2
Suppose 766 - 131 = 5*v. What is the tens digit of v?
2
Suppose 2*c - 82 = -2*w + c, 3*w = c + 118. What is the tens digit of w?
4
Suppose -9*x - 318 = -11*x. What is the tens digit of x?
5
Let z(n) = n**3 + 7*n**2 - 9*n - 2. Let g be z(-8). Let u = 12 - g. Let b(k) = k + 1. What is the units digit of b(u)?
7
What is the tens digit of 1/(498/165 - 3)?
5
Let i = -10 + 17. Suppose 4*q - 16 = -5*x + i, -q - 3*x + 11 = 0. Suppose -6 - q = -2*d. What is the units digit of d?
4
Suppose -42 = p - 3*p. Suppose 0 = -5*n + 4*d - 10, -8*d + p = -2*n - 3*d. What is the units digit of n?
2
Let d be (-27)/6*(-2)/3. Suppose 19 - 7 = d*h. Suppose h = 4*m - 8. What is the units digit of m?
3
What is the hundreds digit of ((-3)/(-2))/((-36)/(-2688))?
1
What is the tens digit of 0 + (-256)/(-3) - 5/15?
8
Let z(h) = -2*h**3 - 9*h**2 - 3*h + 27. What is the hundreds digit of z(-7)?
2
Let u be (1 - -1)/(2/4). Suppose -3*f - m = -2, -3*f - 5*m + 6 = -u. Suppose f = 2*t - 3 - 5. What is the units digit of t?
4
Suppose 0 = 5*b - 22 + 7. Suppose -v = b*x - 9, -2*x - 5*v = -0 + 7. What is the units digit of x?
4
Let c be -2*((-1)/2 - 3). Let o = c - 2. What is the units digit of o?
5
Let b(j) = -j**2 - 4*j + 3. Let z be b(-5). Let s(w) = 2*w + 2. Let u be s(2). Let n = z + u. What is the units digit of n?
4
Let g = -3 - -6. Let o = g + -5. Let q = o + 6. What is the units digit of q?
4
Let q(r) = -r**2 + 8*r. Let v be q(4). What is the tens digit of v - (-4 - (-3 + 0))?
1
Suppose -5 = -3*y + 37. Let f = y + -8. What is the units digit of f?
6
Suppose 2*q + q + 57 = 0. Let v = 37 + q. What is the units digit of v?
8
Let p(o) = -o**2 + 3*o + 2. Let r be p(3). What is the units digit of 3*(1 + 3 - r)?
6
Suppose -4*g = -11 - 5. Suppose 5*m - 4 = -g*w + 6, -4 = 2*m. What is the units digit of w?
5
Let c = 4 + 8. Suppose 0*q + q - 2*b = c, 6 = -2*b. What is the units digit of q?
6
Let f(x) be the second derivative of x**5/20 - x**4/6 + x**3 - 5*x**2/2 - 6*x. What is the tens digit of f(4)?
5
Let o(f) = 3*f**2 + 2*f + 1. Let c be o(-1). Suppose 3*v - 7 - 6 = 2*q, c*v - 4*q = 6. What is the units digit of v?
5
Let l(k) = 2*k